0*m - s, 0 = -v + 5. Give b(m).
-4
Let l(p) = p**3 + 9*p**2 - 11*p - 11. Suppose 114 = -2*y + 5*t, -4*y + 5*t = -y + 161. Let v = 37 + y. Give l(v).
-1
Let d(n) = -n**3 + 6*n**2 + 10*n - 7. Let q be d(7). Let g(b) = -q*b + 9*b + 3*b. Give g(3).
-6
Let n(p) = p**3 + 5*p**2 + 5*p + 4. Let s(l) = 11*l + 29. Let a be s(-3). Give n(a).
0
Suppose -4*a + n + 38 = 6*n, -5*a + 50 = 5*n. Suppose -12*v - a = 96. Let s(g) = g**2 + 12*g + 13. Calculate s(v).
-14
Let z(n) be the third derivative of 5*n**4/24 - 7*n**3/6 + 22*n**2 - n. What is z(5)?
18
Let s(p) = -3*p + 15. Suppose -4*q - 2*n - 16 = 0, -4*q - 17 = 4*n - 9. Calculate s(q).
33
Let s(q) = -4*q**2 + 7*q - 10. Let l(n) = 4*n**2 - 8*n + 9. Let w(v) = -6*l(v) - 5*s(v). Calculate w(3).
-1
Suppose 11*t = 13*t - 30. Let l(u) = t*u - 16*u - 1 - 1 + 0. Let i = 4 - 10. Determine l(i).
4
Let s(z) be the first derivative of z**4/4 + 4*z**3/3 + 3*z**2 + 7*z + 537. Calculate s(-3).
-2
Let g(j) be the first derivative of -j**4/4 - 4*j**3/3 + 3*j**2 + 9*j - 485. Determine g(-4).
-15
Let x(h) be the third derivative of 19*h**2 + 0*h + 1/120*h**6 + 7/60*h**5 + 0 + 3/2*h**3 + 1/24*h**4. What is x(-7)?
2
Let l(b) = -b**3 - 3*b + 3 + 0*b + 5*b**2 + 0*b**3. Let q be (6 - (-35)/(-7)) + 3. Determine l(q).
7
Let o(c) = -c**2 + 4 + 2*c**2 - 3 + 0*c**2 - 2*c. Let r be o(3). Let d = 5 - r. Let x(b) = 10*b**2 - b + 1. What is x(d)?
10
Let t(u) = -3*u**2 + 3*u - 4. Let x(h) = -4*h**2 + 3*h - 4. Let s(z) = 3*t(z) - 2*x(z). Let c be (1/(-2))/(2/(-12)). Give s(c).
-4
Let t(a) = -25*a - 4. Let b(q) = -6*q - 1. Let k(c) = -9*b(c) + 2*t(c). Let r(v) = 10 - v + 3*v + 0*v + 1. Let o be r(-5). Determine k(o).
5
Let r(n) = 9*n**2 - 3 - 343*n + 334*n - 8*n**2. Determine r(6).
-21
Let a(d) = 8*d + 57. Let u = 73 + -80. Let h be a(u). Let i(k) be the second derivative of k**3/6 - k**2 - 2*k. Calculate i(h).
-1
Let u(l) = -l**3 + 15*l**2 - 15*l + 5. Suppose -4*i - 2*g + 25 = -29, 3*i - g - 43 = 0. Calculate u(i).
-9
Let p = -733 - -731. Let f(v) = -v**2 + v - 3. Calculate f(p).
-9
Let c(v) = v**3 + 9*v**2 + v + 1. Suppose -3*k + 4*j - 1 = 0, 0 = k - 3*j - 0 - 3. Let q be (9*-1)/(4/(-12)*k). What is c(q)?
-8
Let i(d) = d**2 + 9*d + 2. Let f be i(-1). Let v(c) = -c**3 - 8*c**2 - 7*c + 1. What is v(f)?
-29
Let y be 6/4*(-2 + -2). Let w(d) be the second derivative of 12*d - 5/2*d**2 + 0 - 1/2*d**3. What is w(y)?
13
Let w = 10 - 10. Suppose -5*j = -j - 20. Let s(z) = -1 + j - z + 1. What is s(w)?
5
Let y(r) be the first derivative of r**4/12 - r**3/2 - 2*r**2 + 12*r - 22. Let i(z) be the first derivative of y(z). Calculate i(5).
6
Let z be 4/(-6)*6/(-4). Let n(b) = -3 + b + 2 - z. Let t(x) = x**2 - x - 12. Let s be t(4). Give n(s).
-2
Let h = 554 - 558. Let l(o) = -o**3 - 7*o**2 - 9*o + 4. Calculate l(h).
-8
Let w(s) = -s - 1. Let v(d) = 14*d + 16. Let o(m) = -v(m) - 12*w(m). Calculate o(3).
-10
Let h(z) = z**2 - z - 4. Suppose j = 2*k - 3, 6 + 15 = 2*j + 5*k. Suppose 0 = -f + 3 + j. Suppose w - f = -w. What is h(w)?
2
Let k = -29472 + 29478. Let j(z) be the first derivative of z**4/4 - 7*z**3/3 + 5*z**2/2 + 1. Give j(k).
-6
Let x(t) = -t**2 + 5*t + 1. Let g = -47 + 82. Suppose -u - z = -8, z = -4*u - 2*z + g. Suppose -5*j + u = -9. Give x(j).
5
Let x(h) = -h**3 + 6*h**2 - 4*h + 4. Let w(g) = -g**2 + 2*g + 9. Let n be w(5). Let b be 4/14 - 150/(-14). Let u = n + b. Calculate x(u).
9
Suppose 24 = -12*y + 156. Let a(t) = -25*t**2 + 8*t + 4 + 37*t**2 - y*t**2. Give a(-8).
4
Let j(t) = -36*t + 5. Let f(x) = -12*x + 2. Let h(y) = 6*y + 3. Let w be h(-1). Let l(a) = w*j(a) + 8*f(a). Give l(1).
13
Let y(q) = -q**2 - 6*q - 9. Suppose -2*r + 5*r = 123. Let d = r - 47. What is y(d)?
-9
Suppose 3*c - 2*v = 22, -4*c + 29 = -2*v - 3. Let h = 6 + -4. Suppose -2*m + m = -2*q, h*m = -q - c. Let b(f) = -f**2 - 3*f + 5. What is b(m)?
1
Let p(k) = -k**2 - 9*k + 4. Let u(d) = -4*d**3 + 23*d**2 - 3*d + 45. Let i be u(6). Determine p(i).
4
Let w(t) = t**3 + 6. Suppose 11 = -v - 4*n, 4*v = -5*n - 0*n - 11. Let l be 7 + -5 - (v + 1). What is w(l)?
6
Let t(c) = c**2 + 7*c + 6. Suppose 4*q - 68 + 100 = 0. Calculate t(q).
14
Let x(a) = -13*a - 73. Let i(y) = 18*y + 100. Let q(z) = 8*i(z) + 11*x(z). Suppose 0 = -k + 6 - 4. Let j be k/((-4)/(-2))*7. Determine q(j).
4
Let m(l) be the second derivative of -l**5/20 + 3*l**4/4 - 7*l**3/6 - 7*l**2 - 332*l. Calculate m(8).
-6
Let q = -372 - -373. Let r(s) = -11*s**2. What is r(q)?
-11
Let r(s) = 9 - 1796*s - s**2 + 1796*s. Let a be r(4). Let l(n) = n**2 + 7*n - 5. What is l(a)?
-5
Let t = -1 + 5. Suppose y - 13 + 0 = -4*r, -2*r + 3*y = -3. Suppose 5*n = -r*q + n + 30, t*q = 3*n + 15. Let u(x) = x**2 - 6*x + 6. Determine u(q).
6
Suppose -5*h + 45 - 5 = 0. Let s(x) = -h - 2*x - 7 + 3 + 1. Determine s(-8).
5
Let y(z) be the first derivative of 1/2*z**2 + 10 + 8*z. What is y(-7)?
1
Let x be (6/(-2))/((-84)/(-448)). Let a(d) = d + 20. What is a(x)?
4
Let p(o) = o**2 - 3*o - 9. Let i(w) = -w**2 + 4*w + 8. Let u(f) = -3*i(f) - 4*p(f). Calculate u(-4).
-4
Let v(k) = -k**2 + 2*k + 14. Suppose -4*z + 2*f - 6*f + 24 = 0, 3*f = 3*z - 18. What is v(z)?
-10
Let q(x) = x**2 - 1. Let m(h) be the second derivative of h**4/6 + h**3/6 - 3*h**2/2 - 6*h. Let a(k) = 3*m(k) - 5*q(k). Determine a(-5).
6
Let p = -22 - -26. Suppose 0 = -2*r - 3*f + 35, -3*r - p*f + 21 + 29 = 0. Let c(q) = -1 + r - 2 - q. What is c(6)?
1
Suppose 3*v - 2*s + 12 = -12, v - 5*s = 5. Let c(z) = z**3 + 9*z**2 - 10*z - 2. What is c(v)?
-2
Let n(h) = 4*h**3 - h**2 + 2*h - 21. Let x(f) = 3*f**3 - 2*f**2 + f - 17. Let w(y) = -4*n(y) + 5*x(y). What is w(-5)?
-11
Let q = -6 + 9. Let i be q/(1/((-6)/(-9))). Let x(s) = i*s + 0 + 0*s + 2. What is x(-2)?
-2
Suppose 2*j + 2*n = 8, -j - 2*n = -5*n - 20. Let v(w) = 3 - 24*w**2 + j + 10*w + 40*w**2 - 15*w**2. What is v(-8)?
-5
Let l(d) = -d**3 - 4*d**2 + 5*d - 7. Let r = -14 + 10. Let v = r + 12. Let w be 2/(2 - v)*15. Give l(w).
-7
Suppose -4 = -8*u + 36. Let s(j) = -3. Let b(q) = 1. Let t(d) = 7*b(d) + 2*s(d). Let c(h) = -h - 7. Let z(v) = -c(v) - 6*t(v). Calculate z(u).
6
Let t(d) be the third derivative of -1/12*d**5 + 0*d**3 - 1/4*d**4 + d**2 + 0*d + 0 + 1/120*d**6. Suppose 4*c = -2*q + 8, 6*q - 3*c = 5*q + 9. Calculate t(q).
0
Let f(p) = p**3 - 6*p**2 + 8*p - 10. Let k be f(5). Suppose -4*v = 5*y - 7*v - 11, -5*v - 5 = -k*y. Let l(b) = -b**3 + 6*b**2 - 6*b + 5. What is l(y)?
13
Let t be (-45)/90 - 30/(-4). Let u(z) = -20*z**2 - 2*z + 18. Let g(j) = 7*j**2 + j - 6. Let f(o) = -17*g(o) - 6*u(o). Determine f(t).
8
Let s(w) = -w**2 - 13*w + 2. Let l be s(-13). Let k(h) = 25*h. Calculate k(l).
50
Suppose -b = -3*b - 4. Let i(n) be the third derivative of n**6/120 + n**4/24 - n**3/3 + 3*n**2 + 1. Determine i(b).
-12
Let h(f) be the third derivative of f**4/8 + f**3/2 - 7*f**2. Let c(x) = x**2 + 2*x + 5. Let g be c(-6). Let q = g - 26. What is h(q)?
12
Let a(f) = -9*f + 225. Let c be a(24). Let z(m) = m**3 - 8*m**2 - 10*m + 10. Calculate z(c).
1
Let c(n) be the first derivative of -n**4/4 + 2*n**3 - n**2 + n - 367. Determine c(7).
-62
Let w(k) = 0 - 16*k - 14 + 15*k. Calculate w(-10).
-4
Let b(q) = -4*q**2 + q**2 - 1 + 0. Let k(l) = l**2 - 19*l + 72. Let u be k(14). Suppose u*p = -p - 3. What is b(p)?
-4
Let k(c) be the first derivative of -c**3/3 - c**2 + 4*c - 104. Determine k(3).
-11
Let h(b) = b**3 - 5*b**2 + 4*b + 5. Let k be 1 + ((-16)/(-4))/1. Let x = 9 - k. Calculate h(x).
5
Let l(r) = 4*r + 2. Let o(x) be the third derivative of -x**4/3 - 11*x**3/3 - 31*x**2. Let s be o(-3). What is l(s)?
10
Let p(z) be the second derivative of 9*z - 1/6*z**3 + 0*z**2 - 1/12*z**4 + 0. Suppose 2*a = 5*a - 3. What is p(a)?
-2
Let c(w) = -w**3 - 7*w**2 - 8*w - 10. Let u be c(-6). Let m(g) = u*g - g**3 + 1 - 23*g**2 - 8 + 18*g**2. Give m(-6).
17
Let t(i) = -251 + 79 + i + 84 + 85. Give t(10).
7
Let b(y) = -2*y - 23. Let j(n) = 2*n + 21. Let o(x) = 4*b(x) + 3*j(x). What is o(-11)?
-7
Let x(i) be the second derivative of -i**6/720 - i**5/12 - i**4 + i + 7. Let q(o) be the third derivative of x(o). Calculate q(-6).
-4
Let q(g) be the second derivative of g**5/10 + 5*g**4/12 + g**3/2 + 3*g**2/2 + 2*g - 4. Suppose i - 2*j = -5, -5*i - 4*j - 17 = -6. Calculate q(i).
-15
Let c(q) = q + 9. Let m be c(-6). Let s(o) = -11 + 17 - 10 + m*o. Suppose 33 = -17*j